40 - -105. What is the remainder when b is divided by h?
8
Suppose -2*p - g + 31 = 0, -95 = -5*p + 454*g - 459*g. What is the remainder when 1417 is divided by p?
1
Let h(l) = -l**2 + 85*l + 902. Calculate the remainder when 1530 is divided by h(93).
108
What is the remainder when (-3)/(12/8248)*(-8)/112*7 is divided by 363?
305
Let h(i) = -i**3 + 100*i**2 - 90*i - 429. Calculate the remainder when h(99) is divided by 4.
2
Let n = 2120 - 1993. Calculate the remainder when 642 is divided by n.
7
Let k(h) be the second derivative of -h**4/3 + 5*h**3/6 + h**2 + 28*h. Calculate the remainder when 33 is divided by k(1).
0
Let d = 2756 + -1708. Suppose -4*z + 0*c - 4*c + 1036 = 0, d = 4*z - 2*c. Suppose 27 + z = 8*t. Calculate the remainder when t is divided by 13.
10
Suppose 0 = 5*l + 3*s + 912, -4*l + 0*l - 5*s = 727. Let n = 237 + l. Calculate the remainder when 156 is divided by n.
48
Suppose 72 - 642 = -5*n. Let w = n + -96. What is the remainder when 87 is divided by w?
15
Let y(h) = 118*h - 2229. What is the remainder when 24192 is divided by y(19)?
12
Let s(a) = -5*a - 5. Let v be s(-2). Suppose 4*c = -3*h + 154, 0 = v*c - 4*h + 2*h - 204. What is the remainder when 74 is divided by c?
34
Let r = -5708 - -5715. Calculate the remainder when 123 is divided by r.
4
Suppose 210 = 15*p - 12*p + 7*p. What is the remainder when 818 is divided by p?
20
Let h(u) = u**2 + 5*u - 10. Calculate the remainder when (-37851)/(-111) + (19 - -2) is divided by h(-8).
12
Let i(s) = -s**3 - 7*s**2 - 30*s - 171. Calculate the remainder when 1603 is divided by i(-8).
7
Suppose -565*i + 491930 = -275905. Calculate the remainder when i is divided by 38.
29
Suppose i + 248 = -0*i - 3*f, 5*i = -3*f - 1240. Let r = -243 - i. Calculate the remainder when 29 is divided by r.
4
Let f = 142 + -146. Let o be 1 - (-600)/14 - f/28. Let r = o - 36. What is the remainder when 28 is divided by r?
4
Suppose -21 = 3*x - 5*x - 5*g, 2*x = -g + 9. Suppose x*n - 612 + 63 = 0. Calculate the remainder when n is divided by 17.
13
Suppose -4*l - l - 161 = -3*v, 0 = v - l - 53. Suppose 50*g + 280 = v*g. Suppose 4*m = p + g, -3*m + 81 + 17 = p. What is the remainder when m is divided by 22?
12
Let k = 5849 - 5133. What is the remainder when k is divided by 233?
17
Let h(p) = -p**3 - 8*p**2 + 10*p - 7. Let s be h(-9). Let r = 24 + s. Let b = 1214 + -1202. What is the remainder when b is divided by r?
4
Calculate the remainder when (-4 - (-4)/(-2)) + 8 + 6 is divided by 3.
2
Let m = -248 + 411. Let a = m - 80. Calculate the remainder when a is divided by 5.
3
Let z(m) = -3*m**2 - 91*m - 8. What is the remainder when 372 is divided by z(-30)?
20
Let z = -41178 - -41210. Calculate the remainder when 3848 is divided by z.
8
Suppose 19*w = 24*w. Suppose w*x - 220 = -10*x. Calculate the remainder when 101 is divided by x.
13
Let b(y) = -4*y - 10. Let p be b(-7). Suppose 3*o + 3 = 4*l - 0, -3*l = 3*o - p. Suppose 3 = o*f - 12. Calculate the remainder when 18 is divided by f.
3
Suppose 8387 = 73*i - 55561. Calculate the remainder when i is divided by 21.
15
Suppose -756 = 4*q + 2*b, -49*q = -53*q + 3*b - 756. Let n = -178 - q. Calculate the remainder when 125 is divided by n.
4
Let j(o) = o**2 + 2*o - 4. Let q be j(0). Let b be (-12)/(q - 0)*1. Calculate the remainder when (-2)/(8/(-12)) - b - -26 is divided by 9.
8
Let r(u) = -564*u + 36114. Calculate the remainder when 321/5 + (-2)/10 is divided by r(64).
10
Let f(q) = -79*q - 4111. Calculate the remainder when 1185 is divided by f(-57).
9
Let p = 134 - 14. Let w = -112 + p. Let n(a) = 3*a**2 + 17*a + 9. What is the remainder when n(-7) is divided by w?
5
Suppose 4*w = 4*u + 144, 71 = -3*u + 5*w - 35. Let i = -16 - u. Calculate the remainder when 15 is divided by (i/(-14))/(2/(-8)).
3
Suppose -119*k - 119848 = -190*k. Calculate the remainder when k is divided by 47.
43
What is the remainder when (164/6)/(2/6) is divided by 1 + ((-185)/111)/((-15)/18)?
1
Suppose 0 = w - 5*v - 6, -4*w - 49*v = -48*v + 18. Calculate the remainder when (-11)/w*(-56)/(-19 - -5) is divided by 5.
1
Suppose w - 4*s - 758 = 0, 0 = 3*w + w - 4*s - 3032. Calculate the remainder when w is divided by (6859/(-722))/(2/(-4)).
17
Let d(h) = 6*h**2 - 5*h - 7. Let g(k) = -2*k**3 + 54*k**2 + 188*k - 180. What is the remainder when d(6) is divided by g(30)?
59
Let v(x) = 2*x**2 + 6*x - 7. Suppose 3695 + 1211 = 223*o. What is the remainder when v(5) is divided by o?
7
What is the remainder when 679 is divided by 10 - 5734/(-38) - (-2)/19?
35
Let m be ((-3)/(-2 + -7))/(18/3078). Let d = 12 + 0. What is the remainder when (((-39)/9)/(-13))/(1/m) is divided by d?
7
Let n(q) = -q**3 - q**2 - 7*q + 70. Calculate the remainder when 1324 is divided by n(0).
64
What is the remainder when 20806 is divided by (4 - (-4 - 1 - -8))/(7/1071)?
151
Let p = -20772 - -23911. Calculate the remainder when p is divided by 260.
19
Suppose 3*z + 2*g = 397, -105*g + 528 = 4*z - 103*g. Let t(d) = -2*d - 9. Let i be t(-6). Suppose i*u = 73 + 59. What is the remainder when z is divided by u?
43
Suppose -4*n - 60 = -2*g, 0*n - 2*n = 3*g - 50. Suppose 0 = 5*b - 85 - g. What is the remainder when ((-2)/3)/(10/(-615)) is divided by b?
20
Let o be (2*-1)/((-21)/42). Suppose -5*f + o*l = 132, -1 - 8 = -3*l. Calculate the remainder when (-3)/f*54*(-8)/(-3) is divided by 4.
2
Let p(o) = 5*o**2 - o - 4. Let l be (12*4)/(11/22). Suppose -5*v = -24 - l. Calculate the remainder when p(5) is divided by v.
20
Let s(z) = z**2 - 86*z + 1845. Calculate the remainder when s(50) is divided by 23.
22
Let l(y) = -y**3 + 36*y**2 - 57*y - 248. Calculate the remainder when l(34) is divided by 64.
62
Let k(i) be the third derivative of -7*i**4/24 - 29*i**3/6 - 4*i**2 - 8*i. What is the remainder when 31 is divided by k(-6)?
5
Let m(t) = -15*t + 333. Suppose 6*w - 65 = w + 3*y, -y = 0. Calculate the remainder when m(w) is divided by 44.
6
Let p(x) = -3*x**3 - 2*x**2 + 4*x - 3. Let k(s) = -26137*s + 130688. What is the remainder when p(-4) is divided by k(5)?
0
Let o be 1/2*6 + 13 + -15. Calculate the remainder when 8 is divided by 5 - -1 - 6 - (-2 - o).
2
Let a(z) be the third derivative of z**6/120 - 11*z**5/60 + 25*z**4/24 + 3*z**3 + 68*z**2. Calculate the remainder when 177 is divided by a(8).
21
Suppose 467*u - 464*u + 2 = -5*l, -5*l - 3 = 2*u. Calculate the remainder when 110 is divided by u.
0
Suppose -122 - 18 = -5*j. Suppose 3*b + 4*c - 3*c = 23, -37 = -2*b - 5*c. Suppose 3*s + b*s = 738. Calculate the remainder when s is divided by j.
26
Let b be 1/(-1) + -4 - -3. Let x be (-2)/b*-2 - 1. What is the remainder when 21 is divided by 0 - x*(-26)/(-6)?
8
Suppose -114 = 2*w + w. Let a = 10914 + -10903. What is the remainder when a is divided by 1/5 + w/(-10)?
3
What is the remainder when ((-9)/(441/(-28)))/((-8)/(-9436)) is divided by 218?
20
Let f be 4*(-18)/(-8) - 1. Suppose -f*c = -4*c - 200. What is the remainder when c is divided by 33?
17
Let h(d) = d**3 + 37*d**2 + 2*d + 76. Let w be h(-37). Suppose 2*r + 2*n - w - 30 = 0, -5*r + 60 = -5*n. Calculate the remainder when 51 is divided by r.
9
Suppose -333*o + 331*o + 2060 = 0. What is the remainder when o is divided by 22?
18
Let r = 5 + -3. Suppose 116 - 57 - 19 = 20*j. Suppose 5 + 1 = r*u, j*n - 28 = 4*u. What is the remainder when 57 is divided by n?
17
Let l = -14 - -30. Suppose 3*x = 4*q - 139, 27*q - 25*q + 3*x - 47 = 0. Calculate the remainder when q is divided by l.
15
What is the remainder when 382 is divided by (276/(-1150))/(6/10)*-940?
6
Suppose 3*x + 7 = 13. Calculate the remainder when x/(3 - 410/138) is divided by 18.
15
Let n = 30 - 11. Suppose 12 = -52*o + 55*o. Suppose -5*t + 202 + 222 = o*p, p - 348 = -4*t. Calculate the remainder when t is divided by n.
12
Suppose 5*y = -4*m + 128, 5*y + 63 = -5*m + 218. Calculate the remainder when (-21)/(-42)*(m + 1) is divided by 3.
2
Suppose 2*q - 338 = -q - 2*c, 3*c - 450 = -4*q. Suppose -4*j + 60 = 8*b, 51*b + 139 = 5*j + 53*b. What is the remainder when q is divided by j?
21
Suppose -879 = -2*b - a, 4*b - 2*a - 2579 = -817. Calculate the remainder when b is divided by 41.
30
Let m = 3493 + -3407. What is the remainder when 117 is divided by m?
31
Calculate the remainder when 241 is divided by (1 + (-36)/6)*29/5*-